mainder when m is divided by 3.
0
Let v be ((-8)/3)/((-4)/6). Suppose -c + 12 = v*b + 1, -2 = b. What is the remainder when 37 is divided by c?
18
Let g = 80 - 72. Suppose -12 = 3*f, 71 - 7 = 2*t - 5*f. What is the remainder when t is divided by g?
6
Let y = 21 + -6. Calculate the remainder when y/2*(-42)/(-9) is divided by (-4)/6 - (-38)/3.
11
Let d = -73 + 85. Let r = -3 - -7. What is the remainder when d is divided by r?
0
Let n be (-1 - 0 - 0)/1. Calculate the remainder when 9 is divided by 5 + n/(-2)*-4.
0
Let x(t) = -t + 4. Let c be x(2). Suppose 54 = -c*k + 4*k. What is the remainder when k is divided by 10?
7
Suppose 2*n - 3*b - 183 = -n, 3*n + 4*b - 218 = 0. Suppose t + t - n = 0. Let r = 0 + 17. What is the remainder when t is divided by r?
16
Suppose 5*b + 508 - 1558 = 0. Suppose -l + b = 4*l. Calculate the remainder when l is divided by 15.
12
Let n = -4 + 55. Let b = n + -34. Calculate the remainder when (300/6)/(1 + 0) is divided by b.
16
Suppose 6*n - 3*n - 72 = 0. What is the remainder when n is divided by 13?
11
Suppose -71 = -3*b - 5*k, -5*b + 0*k = 4*k - 101. Calculate the remainder when 31 is divided by b.
14
Let i(j) = 9*j + 7. Let v = -8 + 12. What is the remainder when i(v) is divided by 15?
13
Let g(j) = j**2 + 11*j + 13. Let s = -1 - 11. Calculate the remainder when 97 is divided by g(s).
22
Suppose 4*u = -u + 5. Suppose -u = -q, 5*k + 3*q - 4*q - 34 = 0. Calculate the remainder when 20 is divided by k.
6
Let w be 3/(-9) - 74/(-6). Let z be 64/6 + (-8)/w. Suppose x - z = -x. What is the remainder when 8 is divided by x?
3
Suppose 3*j - 27 + 6 = -4*s, 0 = -2*s - 5*j + 21. Suppose 1 = -s*x + 22. Suppose x = 2*p - 9. What is the remainder when 15 is divided by p?
7
Suppose p - 2*z - 10 + 0 = 0, 4*p = -4*z + 28. Suppose 0 = t - 2 - 1. What is the remainder when p is divided by t?
2
Let x = 158 + -100. Let s = -62 + 77. Calculate the remainder when x is divided by s.
13
Let t(x) = x**3 + 8*x**2 + 6*x + 12. Calculate the remainder when 35 is divided by t(-7).
16
Let n be (-5 + 2)/(3*-1). Suppose a + d + n + 0 = 0, -d - 1 = 2*a. Suppose 0 = -i, a = -5*c - 3*i + 126 + 29. Calculate the remainder when c is divided by 8.
7
Let i = -8 - -16. Suppose -4*u = -r + 1 + 1, 0 = -4*r - 3*u + i. Let g(l) = 3*l**2 + 2*l - 2. Calculate the remainder when 54 is divided by g(r).
12
Let a be 2 - (-6)/(-9)*207. Let m = 203 + a. Calculate the remainder when m is divided by 23.
21
Let b = -17 - -31. Let r = 75 - 67. Calculate the remainder when b is divided by r.
6
Let s(p) = p**2 - 2*p - 12. Calculate the remainder when s(10) is divided by 14.
12
Let q = 333 + -144. Calculate the remainder when q is divided by 16.
13
Let f be -3*2/12*-4. Suppose f*o + 9 = 5*o. Calculate the remainder when o is divided by 2.
1
Let x = -37 + 74. What is the remainder when 70 is divided by x?
33
Let d(o) = o**2 - o + 9. Suppose -5 - 15 = -2*k. Calculate the remainder when d(5) is divided by k.
9
Let s(u) = -u**2 + 8*u - 6. Let f be s(8). What is the remainder when 0 - 1 - (1 + -7) is divided by 16/10 + f/(-15)?
1
Let p(g) = g**3 + 3*g**2 - 11*g + 6. Calculate the remainder when p(4) is divided by 19.
17
Let n be (-6 - 0)/(1*-1). Calculate the remainder when 31 is divided by (-2)/n - 49/(-3).
15
Suppose 6*c + 75 = c. Calculate the remainder when 30 is divided by -2*(-3 + c/6).
8
Let b(m) = -2*m - 6 + 2*m + 3*m + m**2. Let v be b(-5). Suppose v*i - 43 = 13. What is the remainder when 40 is divided by i?
12
Let w = 15 + -11. Suppose -w*c = -51 + 7. Calculate the remainder when 32 is divided by c.
10
Let w be (-15)/40*(1 + -9). Suppose 69 = 6*p - w*p. Suppose -23 = -3*z + 13. What is the remainder when p is divided by z?
11
Let c = -32 - -53. What is the remainder when 79 is divided by c?
16
Let h be 1 + -2 + 1 - -4. Suppose 132 = 5*i + h*u, i + u - 3 = 23. Calculate the remainder when i is divided by (3 - 1)*(-30)/(-4).
13
Suppose 0 = 2*k + 5*l - 30, k - 11 = -4*l + 4. Suppose 4*m - 171 = m. What is the remainder when m is divided by k?
12
Suppose -4*n + 9*n = 25. Let g(u) = u**2 - 4*u + 2. What is the remainder when 19 is divided by g(n)?
5
Calculate the remainder when 7 is divided by (-8)/28 - (-60)/14.
3
Suppose 2*n - 3*n = 0. Let y = n + 8. What is the remainder when 22 is divided by y?
6
Let x(q) = q**2 + 5*q + 3. Let n be x(4). Suppose 0 = -3*f - f - 3*j + 410, -2*j + 307 = 3*f. Let m = f - n. What is the remainder when m is divided by 21?
20
Suppose -5*h - 20 = -5, 0 = 4*f - 2*h - 54. What is the remainder when 15 is divided by -3 - (-3)/(f/32)?
0
Let f(g) = -12*g - 5. Calculate the remainder when f(-3) is divided by 16.
15
Let g = 37 - 24. Let c(j) = -j**2 + 10*j - 10. Let r be c(8). Calculate the remainder when 230/r - 2/6 is divided by g.
12
Let r(x) = -2*x + 6. Suppose -4*n = -3*f - 23, -n + 1 = 2*f + 9. What is the remainder when r(f) is divided by 9?
7
Suppose -8*j + 48 = -0*j. What is the remainder when j is divided by (5 - 2)*(2 + -1)?
0
Suppose 58 + 37 = 5*c. What is the remainder when c is divided by (1 - (-6)/(-4))/((-12)/168)?
5
Let y(v) = 5*v - 3. Let t(s) = 3*s - 9. Let f be t(8). Let o = f + -8. What is the remainder when y(3) is divided by o?
5
Suppose 3 = 3*g, 5*x = 2*g + 271 - 98. What is the remainder when x is divided by 13?
9
Suppose 3 = -3*i + 18. Suppose -3*q - 2*h - 4 = -45, -75 = -i*q - 2*h. What is the remainder when q is divided by 448/77 - (-2)/11?
5
Let n = 124 - 73. What is the remainder when n is divided by 13?
12
Let f(d) = d**2 + 4*d - 17. Let r be f(-7). Suppose r*x - 8 = 72. Let u = -172 - -249. Calculate the remainder when u is divided by x.
17
What is the remainder when (3 + (-63)/(-6))*6 is divided by 22?
15
Let h = -31 - -43. What is the remainder when h is divided by 8?
4
Suppose -9 = -5*g + 56. Let a = 82 + -57. What is the remainder when a is divided by g?
12
Suppose -5*o + 70 = -115. Calculate the remainder when o is divided by 22.
15
Suppose 0 = -5*r - t - t + 86, -65 = -5*r + 5*t. Calculate the remainder when 156 is divided by r.
12
Let h = 34 - 48. Calculate the remainder when (-6)/(-21) - 178/h is divided by 5.
3
Suppose 0 = 4*k - 3*k. Suppose -a + 18 - 1 = k. What is the remainder when 65 is divided by a?
14
Suppose -4*c + 0*i + 68 = 4*i, 0 = 5*i + 15. Let k(x) be the second derivative of 2*x**3 - x**2/2 + 2*x. Calculate the remainder when k(5) is divided by c.
19
Let g(t) be the first derivative of -t**2 - 2*t - 2. Let d be g(-6). What is the remainder when (-6)/(-15)*4*d is divided by 9?
7
Let l(c) = c**3 + 6*c**2 + 5. Let a be l(-6). Suppose a*z + 3*h - 55 = 140, -3*h + 78 = 2*z. Calculate the remainder when z is divided by 21.
18
Suppose -4*i = -4 - 0. Let r = -4 + -2. Let u = i - r. What is the remainder when 20 is divided by u?
6
Suppose 3*t + t + 3*z = 49, -t + z + 7 = 0. Let i(g) = -18*g**3 - g. What is the remainder when i(-1) is divided by t?
9
Let t = -19 - -18. Calculate the remainder when 23 is divided by (t + -2)/(3/(-6)).
5
Let t(f) = f**2 - f + 2. Let d(z) = 6*z - 1. Let j be d(-2). Let l(r) = -r - 6. Calculate the remainder when l(j) is divided by t(2).
3
Let s(x) = 5*x - 8. Let k be s(-8). Calculate the remainder when 1/(-3 + k/(-15)) is divided by 3.
2
Let y(c) = -c**3 + 3*c**2 - c + c + 3 - 6*c**2. Let l be y(-3). Suppose 0 = -l*h - h + 20. Calculate the remainder when h is divided by 4.
1
Let c(v) = v**2 + 5*v + 3. Let u be c(-5). Suppose 0*w + i = -u*w + 64, w - 48 = 5*i. Let z = w - 13. What is the remainder when z is divided by 6?
4
Let f be (10/1)/(2 + -3). What is the remainder when 2 is divided by ((-1)/(-2))/((-5)/f)?
0
Let x(d) = 2*d**3 - d**2 - 2*d + 5. Let f = 37 - 0. What is the remainder when f is divided by x(2)?
11
Suppose 2*z = 2 + 18. Suppose 5*c - 10 - 20 = 0. What is the remainder when z is divided by c?
4
Let r = 34 - 19. Let t = 43 + -25. Suppose 10 = o - t. What is the remainder when o is divided by r?
13
Suppose 1 = 3*q - 3*f - 14, -3*f = 0. What is the remainder when 22 is divided by q?
2
Let o = 7 - -21. Let z(d) = -14*d + 1. What is the remainder when o is divided by z(-1)?
13
Suppose -n - 14 = -a + 10, 0 = 3*a - 2*n - 67. What is the remainder when 47 is divided by a?
9
Calculate the remainder when (-3)/(-12) - 556/(-16) is divided by 13.
9
Let t(y) = -y**3 + 7*